{"id":15502,"date":"2022-07-31T17:30:42","date_gmt":"2022-07-31T15:30:42","guid":{"rendered":"https:\/\/lesceau.fr\/?post_type=product&#038;p=15502"},"modified":"2022-07-31T17:34:17","modified_gmt":"2022-07-31T15:34:17","slug":"jeu-de-poche-du-morpion","status":"publish","type":"product","link":"https:\/\/lesceau.fr\/index.php\/produit\/jeu-de-poche-du-morpion\/","title":{"rendered":"Jeu de poche du morpion"},"content":{"rendered":"<p>Jeu du morpion fait en Fresnes pour le plateau et en noisetier pour les pions.<\/p>\n<p>le plateau et les pions ont \u00e9t\u00e9 peint \u00e0 la main et sont huil\u00e9 \u00e0 l&rsquo;huile de lin.<\/p>\n<p>Ces plateaux de jeux sont id\u00e9al pour des personnes voyageant beaucoup mais qui veulent s&rsquo;amus\u00e9 ou tout simplement des familles qui veulent plus de partage.<\/p>\n<p>les plateaux et pions sont fournis avec housse de transport.<\/p>\n<p>Diam\u00e8tre du plateau: plus ou moins 10 cm<\/p>\n","protected":false},"excerpt":{"rendered":"<p>Jeu du morpion fait en Fresnes pour le plateau et en noisetier pour les pions. le plateau et les pions ont \u00e9t\u00e9 peint \u00e0 la main et sont huil\u00e9 \u00e0 l&rsquo;huile de lin. Ces plateaux de jeux sont id\u00e9al pour des personnes voyageant beaucoup mais qui veulent s&rsquo;amus\u00e9 ou tout simplement des familles qui veulent plus de partage. les plateaux et pions sont fournis avec housse de transport. Diam\u00e8tre du plateau: plus ou moins 10 [&hellip;]<\/p>\n","protected":false},"featured_media":15503,"comment_status":"open","ping_status":"closed","template":"","meta":[],"product_brand":[],"product_cat":[45,238],"product_tag":[237,46,47,99,236],"class_list":{"0":"post-15502","1":"product","2":"type-product","3":"status-publish","4":"has-post-thumbnail","6":"product_cat-jeux","7":"product_cat-les-morpions-de-voyage","8":"product_tag-amausement","9":"product_tag-jeux","10":"product_tag-jeux-de-plateau","11":"product_tag-morpion","12":"product_tag-partage","14":"first","15":"instock","16":"sold-individually","17":"purchasable","18":"product-type-simple"},"yoast_head":"<!-- This site is optimized with the Yoast SEO plugin v27.4 - https:\/\/yoast.com\/product\/yoast-seo-wordpress\/ -->\n<title>Jeu de poche du morpion - Le Sceau<\/title>\n<meta name=\"robots\" content=\"index, follow, max-snippet:-1, max-image-preview:large, max-video-preview:-1\" \/>\n<link rel=\"canonical\" href=\"https:\/\/lesceau.fr\/index.php\/produit\/jeu-de-poche-du-morpion\/\" \/>\n<meta property=\"og:locale\" content=\"fr_FR\" \/>\n<meta property=\"og:type\" content=\"article\" \/>\n<meta property=\"og:title\" content=\"Jeu de poche du morpion - Le Sceau\" \/>\n<meta property=\"og:description\" content=\"Jeu du morpion fait en Fresnes pour le plateau et en noisetier pour les pions. le plateau et les pions ont \u00e9t\u00e9 peint \u00e0 la main et sont huil\u00e9 \u00e0 l&rsquo;huile de lin. Ces plateaux de jeux sont id\u00e9al pour des personnes voyageant beaucoup mais qui veulent s&rsquo;amus\u00e9 ou tout simplement des familles qui veulent plus de partage. les plateaux et pions sont fournis avec housse de transport. Diam\u00e8tre du plateau: plus ou moins 10 [&hellip;]\" \/>\n<meta property=\"og:url\" content=\"https:\/\/lesceau.fr\/index.php\/produit\/jeu-de-poche-du-morpion\/\" \/>\n<meta property=\"og:site_name\" content=\"Le Sceau\" \/>\n<meta property=\"article:publisher\" content=\"https:\/\/www.facebook.com\/Contact.lesceau\/\" \/>\n<meta property=\"article:modified_time\" content=\"2022-07-31T15:34:17+00:00\" \/>\n<meta property=\"og:image\" content=\"https:\/\/lesceau.fr\/wp-content\/uploads\/2022\/07\/296622477_640016207715708_1148139434007635803_n.jpg\" \/>\n\t<meta property=\"og:image:width\" content=\"1368\" \/>\n\t<meta property=\"og:image:height\" content=\"1824\" \/>\n\t<meta property=\"og:image:type\" content=\"image\/jpeg\" \/>\n<meta name=\"twitter:card\" content=\"summary_large_image\" \/>\n<meta name=\"twitter:label1\" content=\"Dur\u00e9e de lecture estim\u00e9e\" \/>\n\t<meta name=\"twitter:data1\" content=\"1 minute\" \/>\n<script type=\"application\/ld+json\" class=\"yoast-schema-graph\">{\"@context\":\"https:\\\/\\\/schema.org\",\"@graph\":[{\"@type\":\"WebPage\",\"@id\":\"https:\\\/\\\/lesceau.fr\\\/index.php\\\/produit\\\/jeu-de-poche-du-morpion\\\/\",\"url\":\"https:\\\/\\\/lesceau.fr\\\/index.php\\\/produit\\\/jeu-de-poche-du-morpion\\\/\",\"name\":\"Jeu de poche du morpion - Le Sceau\",\"isPartOf\":{\"@id\":\"https:\\\/\\\/lesceau.fr\\\/#website\"},\"primaryImageOfPage\":{\"@id\":\"https:\\\/\\\/lesceau.fr\\\/index.php\\\/produit\\\/jeu-de-poche-du-morpion\\\/#primaryimage\"},\"image\":{\"@id\":\"https:\\\/\\\/lesceau.fr\\\/index.php\\\/produit\\\/jeu-de-poche-du-morpion\\\/#primaryimage\"},\"thumbnailUrl\":\"https:\\\/\\\/lesceau.fr\\\/wp-content\\\/uploads\\\/2022\\\/07\\\/296622477_640016207715708_1148139434007635803_n.jpg\",\"datePublished\":\"2022-07-31T15:30:42+00:00\",\"dateModified\":\"2022-07-31T15:34:17+00:00\",\"breadcrumb\":{\"@id\":\"https:\\\/\\\/lesceau.fr\\\/index.php\\\/produit\\\/jeu-de-poche-du-morpion\\\/#breadcrumb\"},\"inLanguage\":\"fr-FR\",\"potentialAction\":[{\"@type\":\"ReadAction\",\"target\":[\"https:\\\/\\\/lesceau.fr\\\/index.php\\\/produit\\\/jeu-de-poche-du-morpion\\\/\"]}]},{\"@type\":\"ImageObject\",\"inLanguage\":\"fr-FR\",\"@id\":\"https:\\\/\\\/lesceau.fr\\\/index.php\\\/produit\\\/jeu-de-poche-du-morpion\\\/#primaryimage\",\"url\":\"https:\\\/\\\/lesceau.fr\\\/wp-content\\\/uploads\\\/2022\\\/07\\\/296622477_640016207715708_1148139434007635803_n.jpg\",\"contentUrl\":\"https:\\\/\\\/lesceau.fr\\\/wp-content\\\/uploads\\\/2022\\\/07\\\/296622477_640016207715708_1148139434007635803_n.jpg\",\"width\":1368,\"height\":1824},{\"@type\":\"BreadcrumbList\",\"@id\":\"https:\\\/\\\/lesceau.fr\\\/index.php\\\/produit\\\/jeu-de-poche-du-morpion\\\/#breadcrumb\",\"itemListElement\":[{\"@type\":\"ListItem\",\"position\":1,\"name\":\"Accueil\",\"item\":\"https:\\\/\\\/lesceau.fr\\\/\"},{\"@type\":\"ListItem\",\"position\":2,\"name\":\"Boutique\",\"item\":\"https:\\\/\\\/lesceau.fr\\\/index.php\\\/boutique\\\/\"},{\"@type\":\"ListItem\",\"position\":3,\"name\":\"Jeu de poche du morpion\"}]},{\"@type\":\"WebSite\",\"@id\":\"https:\\\/\\\/lesceau.fr\\\/#website\",\"url\":\"https:\\\/\\\/lesceau.fr\\\/\",\"name\":\"Le Sceau\",\"description\":\"Animations \u00e0 th\u00e8mes\",\"publisher\":{\"@id\":\"https:\\\/\\\/lesceau.fr\\\/#organization\"},\"alternateName\":\"Le sceau Animations\",\"potentialAction\":[{\"@type\":\"SearchAction\",\"target\":{\"@type\":\"EntryPoint\",\"urlTemplate\":\"https:\\\/\\\/lesceau.fr\\\/?s={search_term_string}\"},\"query-input\":{\"@type\":\"PropertyValueSpecification\",\"valueRequired\":true,\"valueName\":\"search_term_string\"}}],\"inLanguage\":\"fr-FR\"},{\"@type\":\"Organization\",\"@id\":\"https:\\\/\\\/lesceau.fr\\\/#organization\",\"name\":\"Le Sceau\",\"alternateName\":\"Le sceau animations\",\"url\":\"https:\\\/\\\/lesceau.fr\\\/\",\"logo\":{\"@type\":\"ImageObject\",\"inLanguage\":\"fr-FR\",\"@id\":\"https:\\\/\\\/lesceau.fr\\\/#\\\/schema\\\/logo\\\/image\\\/\",\"url\":\"https:\\\/\\\/lesceau.fr\\\/wp-content\\\/uploads\\\/2019\\\/03\\\/cropped-ESSAI-5.jpg\",\"contentUrl\":\"https:\\\/\\\/lesceau.fr\\\/wp-content\\\/uploads\\\/2019\\\/03\\\/cropped-ESSAI-5.jpg\",\"width\":412,\"height\":416,\"caption\":\"Le Sceau\"},\"image\":{\"@id\":\"https:\\\/\\\/lesceau.fr\\\/#\\\/schema\\\/logo\\\/image\\\/\"},\"sameAs\":[\"https:\\\/\\\/www.facebook.com\\\/Contact.lesceau\\\/\",\"https:\\\/\\\/instagram.com\\\/le.sceau?igshid=1nvgr38nzar\"]}]}<\/script>\n<!-- \/ Yoast SEO plugin. -->","yoast_head_json":{"title":"Jeu de poche du morpion - Le Sceau","robots":{"index":"index","follow":"follow","max-snippet":"max-snippet:-1","max-image-preview":"max-image-preview:large","max-video-preview":"max-video-preview:-1"},"canonical":"https:\/\/lesceau.fr\/index.php\/produit\/jeu-de-poche-du-morpion\/","og_locale":"fr_FR","og_type":"article","og_title":"Jeu de poche du morpion - Le Sceau","og_description":"Jeu du morpion fait en Fresnes pour le plateau et en noisetier pour les pions. le plateau et les pions ont \u00e9t\u00e9 peint \u00e0 la main et sont huil\u00e9 \u00e0 l&rsquo;huile de lin. Ces plateaux de jeux sont id\u00e9al pour des personnes voyageant beaucoup mais qui veulent s&rsquo;amus\u00e9 ou tout simplement des familles qui veulent plus de partage. les plateaux et pions sont fournis avec housse de transport. Diam\u00e8tre du plateau: plus ou moins 10 [&hellip;]","og_url":"https:\/\/lesceau.fr\/index.php\/produit\/jeu-de-poche-du-morpion\/","og_site_name":"Le Sceau","article_publisher":"https:\/\/www.facebook.com\/Contact.lesceau\/","article_modified_time":"2022-07-31T15:34:17+00:00","og_image":[{"width":1368,"height":1824,"url":"https:\/\/lesceau.fr\/wp-content\/uploads\/2022\/07\/296622477_640016207715708_1148139434007635803_n.jpg","type":"image\/jpeg"}],"twitter_card":"summary_large_image","twitter_misc":{"Dur\u00e9e de lecture estim\u00e9e":"1 minute"},"schema":{"@context":"https:\/\/schema.org","@graph":[{"@type":"WebPage","@id":"https:\/\/lesceau.fr\/index.php\/produit\/jeu-de-poche-du-morpion\/","url":"https:\/\/lesceau.fr\/index.php\/produit\/jeu-de-poche-du-morpion\/","name":"Jeu de poche du morpion - Le Sceau","isPartOf":{"@id":"https:\/\/lesceau.fr\/#website"},"primaryImageOfPage":{"@id":"https:\/\/lesceau.fr\/index.php\/produit\/jeu-de-poche-du-morpion\/#primaryimage"},"image":{"@id":"https:\/\/lesceau.fr\/index.php\/produit\/jeu-de-poche-du-morpion\/#primaryimage"},"thumbnailUrl":"https:\/\/lesceau.fr\/wp-content\/uploads\/2022\/07\/296622477_640016207715708_1148139434007635803_n.jpg","datePublished":"2022-07-31T15:30:42+00:00","dateModified":"2022-07-31T15:34:17+00:00","breadcrumb":{"@id":"https:\/\/lesceau.fr\/index.php\/produit\/jeu-de-poche-du-morpion\/#breadcrumb"},"inLanguage":"fr-FR","potentialAction":[{"@type":"ReadAction","target":["https:\/\/lesceau.fr\/index.php\/produit\/jeu-de-poche-du-morpion\/"]}]},{"@type":"ImageObject","inLanguage":"fr-FR","@id":"https:\/\/lesceau.fr\/index.php\/produit\/jeu-de-poche-du-morpion\/#primaryimage","url":"https:\/\/lesceau.fr\/wp-content\/uploads\/2022\/07\/296622477_640016207715708_1148139434007635803_n.jpg","contentUrl":"https:\/\/lesceau.fr\/wp-content\/uploads\/2022\/07\/296622477_640016207715708_1148139434007635803_n.jpg","width":1368,"height":1824},{"@type":"BreadcrumbList","@id":"https:\/\/lesceau.fr\/index.php\/produit\/jeu-de-poche-du-morpion\/#breadcrumb","itemListElement":[{"@type":"ListItem","position":1,"name":"Accueil","item":"https:\/\/lesceau.fr\/"},{"@type":"ListItem","position":2,"name":"Boutique","item":"https:\/\/lesceau.fr\/index.php\/boutique\/"},{"@type":"ListItem","position":3,"name":"Jeu de poche du morpion"}]},{"@type":"WebSite","@id":"https:\/\/lesceau.fr\/#website","url":"https:\/\/lesceau.fr\/","name":"Le Sceau","description":"Animations \u00e0 th\u00e8mes","publisher":{"@id":"https:\/\/lesceau.fr\/#organization"},"alternateName":"Le sceau Animations","potentialAction":[{"@type":"SearchAction","target":{"@type":"EntryPoint","urlTemplate":"https:\/\/lesceau.fr\/?s={search_term_string}"},"query-input":{"@type":"PropertyValueSpecification","valueRequired":true,"valueName":"search_term_string"}}],"inLanguage":"fr-FR"},{"@type":"Organization","@id":"https:\/\/lesceau.fr\/#organization","name":"Le Sceau","alternateName":"Le sceau animations","url":"https:\/\/lesceau.fr\/","logo":{"@type":"ImageObject","inLanguage":"fr-FR","@id":"https:\/\/lesceau.fr\/#\/schema\/logo\/image\/","url":"https:\/\/lesceau.fr\/wp-content\/uploads\/2019\/03\/cropped-ESSAI-5.jpg","contentUrl":"https:\/\/lesceau.fr\/wp-content\/uploads\/2019\/03\/cropped-ESSAI-5.jpg","width":412,"height":416,"caption":"Le Sceau"},"image":{"@id":"https:\/\/lesceau.fr\/#\/schema\/logo\/image\/"},"sameAs":["https:\/\/www.facebook.com\/Contact.lesceau\/","https:\/\/instagram.com\/le.sceau?igshid=1nvgr38nzar"]}]}},"_links":{"self":[{"href":"https:\/\/lesceau.fr\/index.php\/wp-json\/wp\/v2\/product\/15502","targetHints":{"allow":["GET"]}}],"collection":[{"href":"https:\/\/lesceau.fr\/index.php\/wp-json\/wp\/v2\/product"}],"about":[{"href":"https:\/\/lesceau.fr\/index.php\/wp-json\/wp\/v2\/types\/product"}],"replies":[{"embeddable":true,"href":"https:\/\/lesceau.fr\/index.php\/wp-json\/wp\/v2\/comments?post=15502"}],"wp:featuredmedia":[{"embeddable":true,"href":"https:\/\/lesceau.fr\/index.php\/wp-json\/wp\/v2\/media\/15503"}],"wp:attachment":[{"href":"https:\/\/lesceau.fr\/index.php\/wp-json\/wp\/v2\/media?parent=15502"}],"wp:term":[{"taxonomy":"product_brand","embeddable":true,"href":"https:\/\/lesceau.fr\/index.php\/wp-json\/wp\/v2\/product_brand?post=15502"},{"taxonomy":"product_cat","embeddable":true,"href":"https:\/\/lesceau.fr\/index.php\/wp-json\/wp\/v2\/product_cat?post=15502"},{"taxonomy":"product_tag","embeddable":true,"href":"https:\/\/lesceau.fr\/index.php\/wp-json\/wp\/v2\/product_tag?post=15502"}],"curies":[{"name":"wp","href":"https:\/\/api.w.org\/{rel}","templated":true}]}}