{"id":17680,"date":"2026-04-13T12:35:25","date_gmt":"2026-04-13T10:35:25","guid":{"rendered":"https:\/\/lesceau.fr\/?page_id=17680"},"modified":"2026-04-13T13:01:00","modified_gmt":"2026-04-13T11:01:00","slug":"nos-packs","status":"publish","type":"page","link":"https:\/\/lesceau.fr\/index.php\/nos-packs\/","title":{"rendered":"Nos packs cl\u00e9 en main"},"content":{"rendered":"<div data-colibri-id=\"17680-c1\" class=\"style-925 style-local-17680-c1 position-relative\">\r\n  <!---->\r\n  <div data-colibri-component=\"section\" data-colibri-id=\"17680-c2\" id=\"custom\" class=\"h-section h-section-global-spacing d-flex align-items-lg-center align-items-md-center align-items-center style-926 style-local-17680-c2 position-relative\">\r\n    <!---->\r\n    <!---->\r\n    <div class=\"h-section-grid-container h-section-boxed-container\">\r\n      <!---->\r\n      <div data-colibri-id=\"17680-c3\" class=\"h-row-container gutters-row-lg-2 gutters-row-md-2 gutters-row-0 gutters-row-v-lg-2 gutters-row-v-md-2 gutters-row-v-2 style-929 style-local-17680-c3 position-relative\">\r\n        <!---->\r\n        <div class=\"h-row justify-content-lg-center justify-content-md-center justify-content-center align-items-lg-stretch align-items-md-stretch align-items-stretch gutters-col-lg-2 gutters-col-md-2 gutters-col-0 gutters-col-v-lg-2 gutters-col-v-md-2 gutters-col-v-2\">\r\n          <!---->\r\n          <div class=\"h-column h-column-container d-flex h-col-lg-auto h-col-md-auto h-col-auto style-930-outer style-local-17680-c4-outer\">\r\n            <div data-colibri-id=\"17680-c4\" class=\"d-flex h-flex-basis h-column__inner h-px-lg-2 h-px-md-2 h-px-2 v-inner-lg-2 v-inner-md-2 v-inner-2 style-930 style-local-17680-c4 position-relative\">\r\n              <!---->\r\n              <!---->\r\n              <div class=\"w-100 h-y-container h-column__content h-column__v-align flex-basis-100 align-self-lg-start align-self-md-start align-self-start\">\r\n                <!---->\r\n                <div data-colibri-id=\"17680-c5\" class=\"d-block style-931 style-local-17680-c5 position-relative h-element\">\r\n                  <!---->\r\n                  <div class=\"h-image__frame-container-outer\">\r\n                    <div class=\"h-image__frame-container\">\r\n                      <!---->\r\n                      <!---->\r\n                      <img decoding=\"async\" src=\"https:\/\/lesceau.fr\/wp-content\/uploads\/2026\/03\/WhatsApp-Image-2026-03-27-at-17.36.00-724x1024.jpeg\" class=\"style-931-image style-local-17680-c5-image\">\r\n                      <div class=\"h-image__frame h-hide-lg h-hide-md h-hide-sm style-931-frameImage style-local-17680-c5-frameImage\"><\/div>\r\n                    <\/div>\r\n                  <\/div>\r\n                <\/div>\r\n              <\/div>\r\n            <\/div>\r\n          <\/div>\r\n          <div class=\"h-column h-column-container d-flex h-col-lg-auto h-col-md-auto h-col-auto style-932-outer style-local-17680-c6-outer\">\r\n            <div data-colibri-id=\"17680-c6\" class=\"d-flex h-flex-basis h-column__inner h-px-lg-2 h-px-md-2 h-px-2 v-inner-lg-2 v-inner-md-2 v-inner-2 style-932 style-local-17680-c6 position-relative\">\r\n              <!---->\r\n              <!---->\r\n              <div class=\"w-100 h-y-container h-column__content h-column__v-align flex-basis-100 align-self-lg-start align-self-md-start align-self-start\">\r\n                <!---->\r\n                <div data-colibri-id=\"17680-c7\" class=\"d-block style-933 style-local-17680-c7 position-relative h-element\">\r\n                  <!---->\r\n                  <div class=\"h-image__frame-container-outer\">\r\n                    <div class=\"h-image__frame-container\">\r\n                      <!---->\r\n                      <!---->\r\n                      <img loading=\"lazy\" decoding=\"async\" width=\"1414\" height=\"2000\" src=\"https:\/\/lesceau.fr\/wp-content\/uploads\/2023\/04\/La-foret-des-sens.png\" class=\"wp-image-15582 style-933-image style-local-17680-c7-image\" alt=\"\" srcset=\"https:\/\/lesceau.fr\/wp-content\/uploads\/2023\/04\/La-foret-des-sens.png 1414w, https:\/\/lesceau.fr\/wp-content\/uploads\/2023\/04\/La-foret-des-sens-350x495.png 350w, https:\/\/lesceau.fr\/wp-content\/uploads\/2023\/04\/La-foret-des-sens-212x300.png 212w, https:\/\/lesceau.fr\/wp-content\/uploads\/2023\/04\/La-foret-des-sens-724x1024.png 724w, https:\/\/lesceau.fr\/wp-content\/uploads\/2023\/04\/La-foret-des-sens-768x1086.png 768w, https:\/\/lesceau.fr\/wp-content\/uploads\/2023\/04\/La-foret-des-sens-1086x1536.png 1086w\" sizes=\"auto, (max-width: 1414px) 100vw, 1414px\" \/>\r\n                      <div class=\"h-image__frame h-hide-lg h-hide-md h-hide-sm style-933-frameImage style-local-17680-c7-frameImage\"><\/div>\r\n                    <\/div>\r\n                  <\/div>\r\n                <\/div>\r\n              <\/div>\r\n            <\/div>\r\n          <\/div>\r\n        <\/div>\r\n      <\/div>\r\n      <div data-colibri-id=\"17680-c8\" class=\"h-row-container gutters-row-lg-2 gutters-row-md-2 gutters-row-0 gutters-row-v-lg-2 gutters-row-v-md-2 gutters-row-v-2 style-927 style-local-17680-c8 position-relative\">\r\n        <!---->\r\n        <div class=\"h-row justify-content-lg-center justify-content-md-center justify-content-center align-items-lg-stretch align-items-md-stretch align-items-stretch gutters-col-lg-2 gutters-col-md-2 gutters-col-0 gutters-col-v-lg-2 gutters-col-v-md-2 gutters-col-v-2\">\r\n          <!---->\r\n          <div class=\"h-column h-column-container d-flex h-col-lg-auto h-col-md-auto h-col-auto style-928-outer style-local-17680-c9-outer\">\r\n            <div data-colibri-id=\"17680-c9\" class=\"d-flex h-flex-basis h-column__inner h-px-lg-2 h-px-md-2 h-px-2 v-inner-lg-2 v-inner-md-2 v-inner-2 style-928 style-local-17680-c9 position-relative\">\r\n              <!---->\r\n              <!---->\r\n              <div class=\"w-100 h-y-container h-column__content h-column__v-align flex-basis-100 align-self-lg-start align-self-md-start align-self-start\">\r\n                <!---->\r\n                <div data-colibri-id=\"17680-c10\" class=\"d-block style-934 style-local-17680-c10 position-relative h-element\">\r\n                  <!---->\r\n                  <div class=\"h-image__frame-container-outer\">\r\n                    <div class=\"h-image__frame-container\">\r\n                      <!---->\r\n                      <!---->\r\n                      <img decoding=\"async\" src=\"https:\/\/lesceau.fr\/wp-content\/uploads\/2024\/07\/cropped-la-carriole-1-1022x1024.png\" class=\"style-934-image style-local-17680-c10-image\">\r\n                      <div class=\"h-image__frame h-hide-lg h-hide-md h-hide-sm style-934-frameImage style-local-17680-c10-frameImage\"><\/div>\r\n                    <\/div>\r\n                  <\/div>\r\n                <\/div>\r\n              <\/div>\r\n            <\/div>\r\n          <\/div>\r\n          <div class=\"h-column h-column-container d-flex h-col-lg-auto h-col-md-auto h-col-auto style-935-outer style-local-17680-c11-outer\">\r\n            <div data-colibri-id=\"17680-c11\" class=\"d-flex h-flex-basis h-column__inner h-px-lg-2 h-px-md-2 h-px-2 v-inner-lg-2 v-inner-md-2 v-inner-2 style-935 style-local-17680-c11 position-relative\">\r\n              <!---->\r\n              <!---->\r\n              <div class=\"w-100 h-y-container h-column__content h-column__v-align flex-basis-100 align-self-lg-start align-self-md-start align-self-start\">\r\n                <!---->\r\n                <div data-colibri-id=\"17680-c12\" class=\"d-block style-936 style-local-17680-c12 position-relative h-element\">\r\n                  <!---->\r\n                  <div class=\"h-image__frame-container-outer\">\r\n                    <div class=\"h-image__frame-container\">\r\n                      <!---->\r\n                      <!---->\r\n                      <img loading=\"lazy\" decoding=\"async\" width=\"1131\" height=\"1600\" src=\"https:\/\/lesceau.fr\/wp-content\/uploads\/2026\/03\/WhatsApp-Image-2026-03-27-at-17.44.19.jpeg\" class=\"wp-image-16954 style-936-image style-local-17680-c12-image\" alt=\"\" srcset=\"https:\/\/lesceau.fr\/wp-content\/uploads\/2026\/03\/WhatsApp-Image-2026-03-27-at-17.44.19.jpeg 1131w, https:\/\/lesceau.fr\/wp-content\/uploads\/2026\/03\/WhatsApp-Image-2026-03-27-at-17.44.19-212x300.jpeg 212w, https:\/\/lesceau.fr\/wp-content\/uploads\/2026\/03\/WhatsApp-Image-2026-03-27-at-17.44.19-724x1024.jpeg 724w, https:\/\/lesceau.fr\/wp-content\/uploads\/2026\/03\/WhatsApp-Image-2026-03-27-at-17.44.19-768x1086.jpeg 768w, https:\/\/lesceau.fr\/wp-content\/uploads\/2026\/03\/WhatsApp-Image-2026-03-27-at-17.44.19-1086x1536.jpeg 1086w, https:\/\/lesceau.fr\/wp-content\/uploads\/2026\/03\/WhatsApp-Image-2026-03-27-at-17.44.19-350x495.jpeg 350w\" sizes=\"auto, (max-width: 1131px) 100vw, 1131px\" \/>\r\n                      <div class=\"h-image__frame h-hide-lg h-hide-md h-hide-sm style-936-frameImage style-local-17680-c12-frameImage\"><\/div>\r\n                    <\/div>\r\n                  <\/div>\r\n                <\/div>\r\n              <\/div>\r\n            <\/div>\r\n          <\/div>\r\n        <\/div>\r\n      <\/div>\r\n    <\/div>\r\n  <\/div>\r\n  <div data-colibri-component=\"section\" data-colibri-id=\"17680-c13\" id=\"custom-2\" class=\"h-section h-section-global-spacing d-flex align-items-lg-center align-items-md-center align-items-center style-937 style-local-17680-c13 position-relative\">\r\n    <!---->\r\n    <!---->\r\n    <div class=\"h-section-grid-container h-section-boxed-container\">\r\n      <!---->\r\n      <div data-colibri-id=\"17680-c14\" class=\"h-row-container gutters-row-lg-2 gutters-row-md-2 gutters-row-0 gutters-row-v-lg-2 gutters-row-v-md-2 gutters-row-v-2 style-940 style-local-17680-c14 position-relative\">\r\n        <!---->\r\n        <div class=\"h-row justify-content-lg-center justify-content-md-center justify-content-center align-items-lg-stretch align-items-md-stretch align-items-stretch gutters-col-lg-2 gutters-col-md-2 gutters-col-0 gutters-col-v-lg-2 gutters-col-v-md-2 gutters-col-v-2\">\r\n          <!---->\r\n          <div class=\"h-column h-column-container d-flex h-col-lg-auto h-col-md-auto h-col-auto style-941-outer style-local-17680-c15-outer\">\r\n            <div data-colibri-id=\"17680-c15\" class=\"d-flex h-flex-basis h-column__inner h-px-lg-2 h-px-md-2 h-px-2 v-inner-lg-2 v-inner-md-2 v-inner-2 style-941 style-local-17680-c15 position-relative\">\r\n              <!---->\r\n              <!---->\r\n              <div class=\"w-100 h-y-container h-column__content h-column__v-align flex-basis-100 align-self-lg-start align-self-md-start align-self-start\">\r\n                <!---->\r\n                <div data-colibri-id=\"17680-c16\" class=\"d-block style-942 style-local-17680-c16 position-relative h-element\">\r\n                  <!---->\r\n                  <div class=\"h-image__frame-container-outer\">\r\n                    <a href=\"https:\/\/www.lesceau.fr\" h-use-smooth-scroll=\"true\" class=\"image-link\">\r\n                      <div class=\"h-image__frame-container\">\r\n                        <!---->\r\n                        <!---->\r\n                        <img decoding=\"async\" src=\"https:\/\/lesceau.fr\/wp-content\/uploads\/2026\/03\/cropped-catalogue1-300x300.png\" class=\"style-942-image style-local-17680-c16-image\">\r\n                        <div class=\"h-image__frame h-hide-lg h-hide-md h-hide-sm style-942-frameImage style-local-17680-c16-frameImage\"><\/div>\r\n                      <\/div>\r\n                    <\/a>\r\n                  <\/div>\r\n                <\/div>\r\n              <\/div>\r\n            <\/div>\r\n          <\/div>\r\n        <\/div>\r\n      <\/div>\r\n      <div data-colibri-id=\"17680-c17\" class=\"h-row-container gutters-row-lg-2 gutters-row-md-2 gutters-row-0 gutters-row-v-lg-2 gutters-row-v-md-2 gutters-row-v-2 style-938 style-local-17680-c17 position-relative\">\r\n        <!---->\r\n        <div class=\"h-row justify-content-lg-center justify-content-md-center justify-content-center align-items-lg-stretch align-items-md-stretch align-items-stretch gutters-col-lg-2 gutters-col-md-2 gutters-col-0 gutters-col-v-lg-2 gutters-col-v-md-2 gutters-col-v-2\">\r\n          <!---->\r\n          <div class=\"h-column h-column-container d-flex h-col-lg-auto h-col-md-auto h-col-auto style-939-outer style-local-17680-c18-outer\">\r\n            <div data-colibri-id=\"17680-c18\" class=\"d-flex h-flex-basis h-column__inner h-ui-empty-state-container h-px-lg-2 h-px-md-2 h-px-2 v-inner-lg-2 v-inner-md-2 v-inner-2 style-939 style-local-17680-c18 position-relative\">\r\n              <!---->\r\n              <!---->\r\n              <div class=\"w-100 h-y-container h-column__content h-column__v-align flex-basis-100\">\r\n                <!---->\r\n              <\/div>\r\n            <\/div>\r\n          <\/div>\r\n        <\/div>\r\n      <\/div>\r\n    <\/div>\r\n  <\/div>\r\n<\/div>","protected":false},"excerpt":{"rendered":"","protected":false},"author":1,"featured_media":0,"parent":0,"menu_order":0,"comment_status":"closed","ping_status":"closed","template":"page-templates\/full-width-page.php","meta":{"footnotes":""},"class_list":["post-17680","page","type-page","status-publish","hentry"],"yoast_head":"<!-- This site is optimized with the Yoast SEO plugin v27.3 - https:\/\/yoast.com\/product\/yoast-seo-wordpress\/ -->\n<title>Nos packs cl\u00e9 en main - Le Sceau animations \u00e9v\u00e9nementielles sur mesure<\/title>\n<meta name=\"description\" content=\"Organisez facilement vos \u00e9v\u00e9nements avec nos animations cl\u00e9 en main : activit\u00e9s interg\u00e9n\u00e9rationnelles et solutions pr\u00eates \u00e0 l\u2019emploi\" \/>\n<meta name=\"robots\" content=\"index, follow, max-snippet:-1, max-image-preview:large, max-video-preview:-1\" \/>\n<link rel=\"canonical\" href=\"https:\/\/lesceau.fr\/index.php\/nos-packs\/\" \/>\n<meta property=\"og:locale\" content=\"fr_FR\" \/>\n<meta property=\"og:type\" content=\"article\" \/>\n<meta property=\"og:title\" content=\"Nos packs cl\u00e9 en main - Le Sceau animations \u00e9v\u00e9nementielles sur mesure\" \/>\n<meta property=\"og:description\" content=\"Organisez facilement vos \u00e9v\u00e9nements avec nos animations cl\u00e9 en main : activit\u00e9s interg\u00e9n\u00e9rationnelles et solutions pr\u00eates \u00e0 l\u2019emploi\" \/>\n<meta property=\"og:url\" content=\"https:\/\/lesceau.fr\/index.php\/nos-packs\/\" \/>\n<meta property=\"og:site_name\" content=\"Le Sceau\" \/>\n<meta property=\"article:publisher\" content=\"https:\/\/www.facebook.com\/Contact.lesceau\/\" \/>\n<meta property=\"article:modified_time\" content=\"2026-04-13T11:01:00+00:00\" \/>\n<meta property=\"og:image\" content=\"https:\/\/lesceau.fr\/wp-content\/uploads\/2026\/03\/WhatsApp-Image-2026-03-27-at-17.36.00-724x1024.jpeg\" \/>\n<meta name=\"twitter:card\" content=\"summary_large_image\" \/>\n<meta name=\"twitter:label1\" content=\"Dur\u00e9e de lecture estim\u00e9e\" \/>\n\t<meta name=\"twitter:data1\" content=\"1 minute\" \/>\n<script type=\"application\/ld+json\" class=\"yoast-schema-graph\">{\"@context\":\"https:\\\/\\\/schema.org\",\"@graph\":[{\"@type\":\"WebPage\",\"@id\":\"https:\\\/\\\/lesceau.fr\\\/index.php\\\/nos-packs\\\/\",\"url\":\"https:\\\/\\\/lesceau.fr\\\/index.php\\\/nos-packs\\\/\",\"name\":\"Nos packs cl\u00e9 en main - Le Sceau animations \u00e9v\u00e9nementielles sur mesure\",\"isPartOf\":{\"@id\":\"https:\\\/\\\/lesceau.fr\\\/#website\"},\"primaryImageOfPage\":{\"@id\":\"https:\\\/\\\/lesceau.fr\\\/index.php\\\/nos-packs\\\/#primaryimage\"},\"image\":{\"@id\":\"https:\\\/\\\/lesceau.fr\\\/index.php\\\/nos-packs\\\/#primaryimage\"},\"thumbnailUrl\":\"https:\\\/\\\/lesceau.fr\\\/wp-content\\\/uploads\\\/2026\\\/03\\\/WhatsApp-Image-2026-03-27-at-17.36.00-724x1024.jpeg\",\"datePublished\":\"2026-04-13T10:35:25+00:00\",\"dateModified\":\"2026-04-13T11:01:00+00:00\",\"description\":\"Organisez facilement vos \u00e9v\u00e9nements avec nos animations cl\u00e9 en main : activit\u00e9s interg\u00e9n\u00e9rationnelles et solutions pr\u00eates \u00e0 l\u2019emploi\",\"breadcrumb\":{\"@id\":\"https:\\\/\\\/lesceau.fr\\\/index.php\\\/nos-packs\\\/#breadcrumb\"},\"inLanguage\":\"fr-FR\",\"potentialAction\":[{\"@type\":\"ReadAction\",\"target\":[\"https:\\\/\\\/lesceau.fr\\\/index.php\\\/nos-packs\\\/\"]}]},{\"@type\":\"ImageObject\",\"inLanguage\":\"fr-FR\",\"@id\":\"https:\\\/\\\/lesceau.fr\\\/index.php\\\/nos-packs\\\/#primaryimage\",\"url\":\"https:\\\/\\\/lesceau.fr\\\/wp-content\\\/uploads\\\/2026\\\/03\\\/WhatsApp-Image-2026-03-27-at-17.36.00-724x1024.jpeg\",\"contentUrl\":\"https:\\\/\\\/lesceau.fr\\\/wp-content\\\/uploads\\\/2026\\\/03\\\/WhatsApp-Image-2026-03-27-at-17.36.00-724x1024.jpeg\"},{\"@type\":\"BreadcrumbList\",\"@id\":\"https:\\\/\\\/lesceau.fr\\\/index.php\\\/nos-packs\\\/#breadcrumb\",\"itemListElement\":[{\"@type\":\"ListItem\",\"position\":1,\"name\":\"Accueil\",\"item\":\"https:\\\/\\\/lesceau.fr\\\/\"},{\"@type\":\"ListItem\",\"position\":2,\"name\":\"Nos packs cl\u00e9 en main\"}]},{\"@type\":\"WebSite\",\"@id\":\"https:\\\/\\\/lesceau.fr\\\/#website\",\"url\":\"https:\\\/\\\/lesceau.fr\\\/\",\"name\":\"Le Sceau\",\"description\":\"Animations \u00e0 th\u00e8mes\",\"publisher\":{\"@id\":\"https:\\\/\\\/lesceau.fr\\\/#organization\"},\"alternateName\":\"Le sceau Animations\",\"potentialAction\":[{\"@type\":\"SearchAction\",\"target\":{\"@type\":\"EntryPoint\",\"urlTemplate\":\"https:\\\/\\\/lesceau.fr\\\/?s={search_term_string}\"},\"query-input\":{\"@type\":\"PropertyValueSpecification\",\"valueRequired\":true,\"valueName\":\"search_term_string\"}}],\"inLanguage\":\"fr-FR\"},{\"@type\":\"Organization\",\"@id\":\"https:\\\/\\\/lesceau.fr\\\/#organization\",\"name\":\"Le Sceau\",\"alternateName\":\"Le sceau animations\",\"url\":\"https:\\\/\\\/lesceau.fr\\\/\",\"logo\":{\"@type\":\"ImageObject\",\"inLanguage\":\"fr-FR\",\"@id\":\"https:\\\/\\\/lesceau.fr\\\/#\\\/schema\\\/logo\\\/image\\\/\",\"url\":\"https:\\\/\\\/lesceau.fr\\\/wp-content\\\/uploads\\\/2019\\\/03\\\/cropped-ESSAI-5.jpg\",\"contentUrl\":\"https:\\\/\\\/lesceau.fr\\\/wp-content\\\/uploads\\\/2019\\\/03\\\/cropped-ESSAI-5.jpg\",\"width\":412,\"height\":416,\"caption\":\"Le Sceau\"},\"image\":{\"@id\":\"https:\\\/\\\/lesceau.fr\\\/#\\\/schema\\\/logo\\\/image\\\/\"},\"sameAs\":[\"https:\\\/\\\/www.facebook.com\\\/Contact.lesceau\\\/\",\"https:\\\/\\\/instagram.com\\\/le.sceau?igshid=1nvgr38nzar\"]}]}<\/script>\n<!-- \/ Yoast SEO plugin. -->","yoast_head_json":{"title":"Nos packs cl\u00e9 en main - Le Sceau animations \u00e9v\u00e9nementielles sur mesure","description":"Organisez facilement vos \u00e9v\u00e9nements avec nos animations cl\u00e9 en main : activit\u00e9s interg\u00e9n\u00e9rationnelles et solutions pr\u00eates \u00e0 l\u2019emploi","robots":{"index":"index","follow":"follow","max-snippet":"max-snippet:-1","max-image-preview":"max-image-preview:large","max-video-preview":"max-video-preview:-1"},"canonical":"https:\/\/lesceau.fr\/index.php\/nos-packs\/","og_locale":"fr_FR","og_type":"article","og_title":"Nos packs cl\u00e9 en main - Le Sceau animations \u00e9v\u00e9nementielles sur mesure","og_description":"Organisez facilement vos \u00e9v\u00e9nements avec nos animations cl\u00e9 en main : activit\u00e9s interg\u00e9n\u00e9rationnelles et solutions pr\u00eates \u00e0 l\u2019emploi","og_url":"https:\/\/lesceau.fr\/index.php\/nos-packs\/","og_site_name":"Le Sceau","article_publisher":"https:\/\/www.facebook.com\/Contact.lesceau\/","article_modified_time":"2026-04-13T11:01:00+00:00","og_image":[{"url":"https:\/\/lesceau.fr\/wp-content\/uploads\/2026\/03\/WhatsApp-Image-2026-03-27-at-17.36.00-724x1024.jpeg","type":"","width":"","height":""}],"twitter_card":"summary_large_image","twitter_misc":{"Dur\u00e9e de lecture estim\u00e9e":"1 minute"},"schema":{"@context":"https:\/\/schema.org","@graph":[{"@type":"WebPage","@id":"https:\/\/lesceau.fr\/index.php\/nos-packs\/","url":"https:\/\/lesceau.fr\/index.php\/nos-packs\/","name":"Nos packs cl\u00e9 en main - Le Sceau animations \u00e9v\u00e9nementielles sur mesure","isPartOf":{"@id":"https:\/\/lesceau.fr\/#website"},"primaryImageOfPage":{"@id":"https:\/\/lesceau.fr\/index.php\/nos-packs\/#primaryimage"},"image":{"@id":"https:\/\/lesceau.fr\/index.php\/nos-packs\/#primaryimage"},"thumbnailUrl":"https:\/\/lesceau.fr\/wp-content\/uploads\/2026\/03\/WhatsApp-Image-2026-03-27-at-17.36.00-724x1024.jpeg","datePublished":"2026-04-13T10:35:25+00:00","dateModified":"2026-04-13T11:01:00+00:00","description":"Organisez facilement vos \u00e9v\u00e9nements avec nos animations cl\u00e9 en main : activit\u00e9s interg\u00e9n\u00e9rationnelles et solutions pr\u00eates \u00e0 l\u2019emploi","breadcrumb":{"@id":"https:\/\/lesceau.fr\/index.php\/nos-packs\/#breadcrumb"},"inLanguage":"fr-FR","potentialAction":[{"@type":"ReadAction","target":["https:\/\/lesceau.fr\/index.php\/nos-packs\/"]}]},{"@type":"ImageObject","inLanguage":"fr-FR","@id":"https:\/\/lesceau.fr\/index.php\/nos-packs\/#primaryimage","url":"https:\/\/lesceau.fr\/wp-content\/uploads\/2026\/03\/WhatsApp-Image-2026-03-27-at-17.36.00-724x1024.jpeg","contentUrl":"https:\/\/lesceau.fr\/wp-content\/uploads\/2026\/03\/WhatsApp-Image-2026-03-27-at-17.36.00-724x1024.jpeg"},{"@type":"BreadcrumbList","@id":"https:\/\/lesceau.fr\/index.php\/nos-packs\/#breadcrumb","itemListElement":[{"@type":"ListItem","position":1,"name":"Accueil","item":"https:\/\/lesceau.fr\/"},{"@type":"ListItem","position":2,"name":"Nos packs cl\u00e9 en main"}]},{"@type":"WebSite","@id":"https:\/\/lesceau.fr\/#website","url":"https:\/\/lesceau.fr\/","name":"Le Sceau","description":"Animations \u00e0 th\u00e8mes","publisher":{"@id":"https:\/\/lesceau.fr\/#organization"},"alternateName":"Le sceau Animations","potentialAction":[{"@type":"SearchAction","target":{"@type":"EntryPoint","urlTemplate":"https:\/\/lesceau.fr\/?s={search_term_string}"},"query-input":{"@type":"PropertyValueSpecification","valueRequired":true,"valueName":"search_term_string"}}],"inLanguage":"fr-FR"},{"@type":"Organization","@id":"https:\/\/lesceau.fr\/#organization","name":"Le Sceau","alternateName":"Le sceau animations","url":"https:\/\/lesceau.fr\/","logo":{"@type":"ImageObject","inLanguage":"fr-FR","@id":"https:\/\/lesceau.fr\/#\/schema\/logo\/image\/","url":"https:\/\/lesceau.fr\/wp-content\/uploads\/2019\/03\/cropped-ESSAI-5.jpg","contentUrl":"https:\/\/lesceau.fr\/wp-content\/uploads\/2019\/03\/cropped-ESSAI-5.jpg","width":412,"height":416,"caption":"Le Sceau"},"image":{"@id":"https:\/\/lesceau.fr\/#\/schema\/logo\/image\/"},"sameAs":["https:\/\/www.facebook.com\/Contact.lesceau\/","https:\/\/instagram.com\/le.sceau?igshid=1nvgr38nzar"]}]}},"_links":{"self":[{"href":"https:\/\/lesceau.fr\/index.php\/wp-json\/wp\/v2\/pages\/17680","targetHints":{"allow":["GET"]}}],"collection":[{"href":"https:\/\/lesceau.fr\/index.php\/wp-json\/wp\/v2\/pages"}],"about":[{"href":"https:\/\/lesceau.fr\/index.php\/wp-json\/wp\/v2\/types\/page"}],"author":[{"embeddable":true,"href":"https:\/\/lesceau.fr\/index.php\/wp-json\/wp\/v2\/users\/1"}],"replies":[{"embeddable":true,"href":"https:\/\/lesceau.fr\/index.php\/wp-json\/wp\/v2\/comments?post=17680"}],"version-history":[{"count":3,"href":"https:\/\/lesceau.fr\/index.php\/wp-json\/wp\/v2\/pages\/17680\/revisions"}],"predecessor-version":[{"id":17716,"href":"https:\/\/lesceau.fr\/index.php\/wp-json\/wp\/v2\/pages\/17680\/revisions\/17716"}],"wp:attachment":[{"href":"https:\/\/lesceau.fr\/index.php\/wp-json\/wp\/v2\/media?parent=17680"}],"curies":[{"name":"wp","href":"https:\/\/api.w.org\/{rel}","templated":true}]}}